ite number?
False
Is 18860009345 prime?
False
Is 810983947 a composite number?
False
Is 178927697 prime?
False
Is 49677514181 prime?
True
Is 84568927 a composite number?
False
Is 60701753319 a prime number?
False
Is 12206401 a prime number?
True
Is 57205489461 prime?
False
Is 56378921191 a prime number?
False
Is 8702251469 prime?
False
Is 26115828121 composite?
False
Is 64121217367 a composite number?
False
Is 3668056891 composite?
False
Is 264438799 a composite number?
True
Is 16334557919 a prime number?
False
Is 4168128539 composite?
False
Is 28508646161 prime?
True
Is 40430077 a prime number?
True
Is 35549966609 a composite number?
False
Is 90223726927 composite?
True
Is 12101327921 a composite number?
True
Is 85722780019 a composite number?
False
Is 201320801707 a composite number?
False
Is 20590237117 a prime number?
False
Is 32690471867 prime?
True
Is 9903784591 prime?
False
Is 86571677 composite?
False
Is 2370693449 composite?
True
Is 413674290011 a composite number?
False
Is 8639960759 a composite number?
True
Is 203050569 composite?
True
Is 469283933 prime?
True
Is 7710956069 a composite number?
False
Is 12157207583 composite?
False
Is 98724332677 a prime number?
True
Is 905702663 a composite number?
False
Is 3847180229 composite?
True
Is 167655869 composite?
True
Is 2040546913 a prime number?
False
Is 62592719 a prime number?
False
Is 836579929 a prime number?
True
Is 27181713629 a prime number?
False
Is 785943283 a prime number?
True
Is 491151594827 a prime number?
False
Is 14346462521 a composite number?
False
Is 12050398817 prime?
False
Is 27755076927 a prime number?
False
Is 39905704087 prime?
False
Is 69453523849 composite?
False
Is 1396164989 prime?
False
Is 8405462129 prime?
False
Is 8604528351 composite?
True
Is 11042488019 composite?
False
Is 6222186727 a prime number?
False
Is 117373589 prime?
False
Is 753302873 prime?
False
Is 1706236073 a composite number?
False
Is 484738829 composite?
False
Is 758695849 composite?
False
Is 15403451017 a prime number?
True
Is 90296791913 a prime number?
True
Is 823001869 a composite number?
False
Is 987677489 composite?
True
Is 5809965751 prime?
True
Is 1209845293 prime?
True
Is 3486104843 a composite number?
True
Is 9003557929 a composite number?
True
Is 7628194121 a composite number?
False
Is 56402315113 composite?
True
Is 4898753077 a composite number?
False
Is 659606989 composite?
True
Is 48132037 a composite number?
True
Is 6974520673 a prime number?
False
Is 24492236326 composite?
True
Is 29441218691 a composite number?
False
Is 22131938951 prime?
True
Is 11253823661 a composite number?
False
Is 394536301 composite?
False
Is 748008491 a composite number?
False
Is 5360225989 a prime number?
True
Is 9273424043 a composite number?
True
Is 4816158049 a composite number?
False
Is 77063891 a prime number?
True
Is 16682091707 composite?
True
Is 4504321 a composite number?
False
Is 10627062107 a prime number?
True
Is 3459250493 prime?
True
Is 25356479 prime?
False
Is 1214124799 composite?
False
Is 847826821 prime?
True
Is 210646187 a composite number?
False
Is 169997329 a prime number?
False
Is 268939981 composite?
False
Is 9387723599 prime?
False
Is 262857410755 a composite number?
True
Is 332194799 prime?
True
Is 1616779421 prime?
True
Is 450028113 a prime number?
False
Is 26522362507 composite?
True
Is 51562548197 composite?
False
Is 37361367389 composite?
False
Is 34332697487 composite?
True
Is 287668057 prime?
True
Is 41266631909 a prime number?
True
Is 691347133 prime?
False
Is 38320207591 a composite number?
False
Is 384735943 prime?
False
Is 6855208663 prime?
True
Is 455198153 composite?
False
Is 73104833699 a prime number?
True
Is 136721023 prime?
True
Is 230621761217 composite?
False
Is 437634971 a composite number?
False
Is 541785143 composite?
True
Is 1120302167 composite?
True
Is 34394265641 composite?
False
Is 18088870573 composite?
False
Is 416891443 a composite number?
True
Is 111746599997 prime?
False
Is 499484299 a composite number?
False
Is 620219911 a composite number?
True
Is 548273273693 a prime number?
True
Is 282317977 a composite number?
True
Is 15733135177 composite?
False
Is 4616671957 composite?
False
Is 8328676813 prime?
True
Is 289115861 composite?
True
Is 52932788561 a prime number?
False
Is 2833151315 a prime number?
False
Is 1007391257 prime?
True
Is 56176580191 composite?
False
Is 12141703799 prime?
False
Is 14519396413 a composite number?
False
Is 2076236977 prime?
True
Is 961100599 prime?
False
Is 10611273241 prime?
True
Is 1369260463 a composite number?
False
Is 2921119111 a composite number?
False
Is 2801829869 prime?
True
Is 440088461 a prime number?
False
Is 1865579591 composite?
False
Is 105314992851 composite?
True
Is 494342735 prime?
False
Is 1769666177 composite?
False
Is 1327152791 composite?
False
Is 3136273313 a composite number?
True
Is 1719997547 a composite number?
True
Is 9893089433 prime?
True
Is 59201221219 composite?
True
Is 226583143 composite?
True
Is 1723362857 composite?
True
Is 7519991263 a composite number?
False
Is 22924100093 a composite number?
False
Is 1305560371 composite?
False
Is 21182839753 composite?
False
Is 12855418429 composite?
True
Is 2328930083 composite?
False
Is 61662757591 prime?
False
Is 2170917101 a composite number?
True
Is 3027666647 composite?
False
Is 9439408717 prime?
False
Is 3057352127 a composite number?
False
Is 117327283 a prime number?
False
Is 1789001507 prime?
True
Is 159326706661 composite?
False
Is 18917831014 a composite number?
True
Is 27245883719 a prime number?
True
Is 202178171191 a prime number?
True
Is 2650609951 a prime number?
False
Is 5965135699 composite?
False
Is 27159111661 a composite number?
True
Is 104873471 prime?
True
Is 47674663381 a composite number?
True
Is 77987020879 a composite number?
True
Is 27792613001 composite?
False
Is 2572068041 prime?
True
Is 3277431949 composite?
True
Is 45651826939 a composite number?
True
Is 396996133 prime?
False
Is 165251017 a composite number?
True
Is 10918231549 prime?
False
Is 2663825453 a prime number?
False
Is 56822520746 a prime number?
False
Is 38378229707 a prime number?
False
Is 9426969997 a prime number?
True
Is 2901821957 a prime number?
False
Is 122297907689 composite?
False
Is 8165885419 a prime number?
False
Is 7597781335 a composite number?
True
Is 378550049 composite?
True
Is 82871346353 a prime number?
True
Is 6529739 a prime number?
False
Is 5110175269 composite?
False
Is 224203212853 prime?
True
Is 125058313 a prime number?
True
Is 1107585067 a prime number?
False
Is 18811643 a composite number?
False
Is 71272228403 prime?
False
Is 388211167121 a prime number?
True
Is 1838217751 prime?
False
Is 221261041 a composite number?
False
Is 26269081217 prime?
False
Is 96109790935 composite?
True
Is 3368735911 composite?
True
Is 60036000077 a prime number?
True
Is 142309788359 composite?
True
Is 216739013 composite?
True
Is 29433142303 a prime number?
False
Is 18057850879 composite?
True
Is 8467022695 prime?
False
Is 4044370691 a prime number?
True
Is 5205859777 a prime number?
False
Is 4408647433 a prime number?
True
Is 3116713939 composite?
False
Is 177207181181 prime?
True
Is 2377713691 prime?
False
Is 1359983669 a prime number?
False
Is 740625854 prime?
False
Is 110201688379 a composite number?
False
Is 3816824257 a prime number?
True
Is 7934899317 a composite number?
True
Is 21153217259 prime?
True
Is 73951828711 a composite number?
True
Is 61190662543 a composite number?
False
Is 218268859 composite?
False
Is 2440738 a composite number?
True
Is 36139199563 a prime number?
False
Is 13130073037 a prime number?
True
Is 366471019 a composite number?
False
Is 31050445709 a prime number?
True
Is 277808641 composite?
True
Is 783654019 prime?
True
Is 264832754182 prime?
False
Is 520298063 a composite number?
False
Is 34282163827 prime?
False
Is 41401491997 a composite number?
False
Is 7450119221 composite?
True
Is 903366551 composite?
True
Is 5408721701 composite?
True
Is 1718933809 a composite number?
True
Is 3802238617 prime?
True
Is 12086911531 a prime number?
False
Is 6752131187 composite?
False
Is 399480979 a prime number?
False
Is 65895047117 composite?
True
Is 211928179919 a prime number?
True
Is 9574613255 a composite numbe